{"id":1107,"date":"2026-02-14T13:32:47","date_gmt":"2026-02-14T12:32:47","guid":{"rendered":"https:\/\/sudlasercreations.synology.me\/wordpress\/?page_id=1107"},"modified":"2026-02-21T19:58:28","modified_gmt":"2026-02-21T18:58:28","slug":"les-sublimations","status":"publish","type":"page","link":"https:\/\/sudlasercreations.synology.me\/wordpress\/les-sublimations\/","title":{"rendered":"Les sublimations"},"content":{"rendered":"\t\t<div data-elementor-type=\"wp-page\" data-elementor-id=\"1107\" class=\"elementor elementor-1107\">\n\t\t\t\t<div class=\"elementor-element elementor-element-ab081d1 e-flex e-con-boxed e-con e-parent\" data-id=\"ab081d1\" data-element_type=\"container\" data-e-type=\"container\" data-settings=\"{&quot;background_background&quot;:&quot;classic&quot;}\">\n\t\t\t\t\t<div class=\"e-con-inner\">\n\t\t\t\t<div class=\"elementor-element elementor-element-3e09b3e elementor-widget elementor-widget-heading\" data-id=\"3e09b3e\" data-element_type=\"widget\" data-e-type=\"widget\" data-widget_type=\"heading.default\">\n\t\t\t\t\t<h2 class=\"elementor-heading-title elementor-size-default\">La boutique sublimation<\/h2>\t\t\t\t<\/div>\n\t\t\t\t<div class=\"elementor-element elementor-element-fe6d713 elementor-widget elementor-widget-heading\" data-id=\"fe6d713\" data-element_type=\"widget\" data-e-type=\"widget\" data-widget_type=\"heading.default\">\n\t\t\t\t\t<h3 class=\"elementor-heading-title elementor-size-default\">Des objets uniques, imagin\u00e9s, fabriqu\u00e9s et d\u00e9cor\u00e9s dans les Alpes-de-Haute-Provence<\/h3>\t\t\t\t<\/div>\n\t\t\t\t<div class=\"elementor-element elementor-element-7a58ec9 elementor-widget__width-initial elementor-widget elementor-widget-text-editor\" data-id=\"7a58ec9\" data-element_type=\"widget\" data-e-type=\"widget\" data-widget_type=\"text-editor.default\">\n\t\t\t\t\t\t\t\t\t<p>Bienvenue dans notre espace boutique. Vous trouverez ici une s\u00e9lection de nos cr\u00e9ations, allant de la d\u00e9coration int\u00e9rieure aux accessoires personnalis\u00e9s. Chaque objet est con\u00e7u ou d\u00e9cor\u00e9 dans notre atelier avec une attention particuli\u00e8re port\u00e9e aux d\u00e9tails et \u00e0 la qualit\u00e9 des mat\u00e9riaux.<\/p>\t\t\t\t\t\t\t\t<\/div>\n\t\t\t\t\t<\/div>\n\t\t\t\t<\/div>\n\t\t<div class=\"elementor-element elementor-element-bef32a4 e-flex e-con-boxed e-con e-parent\" data-id=\"bef32a4\" data-element_type=\"container\" data-e-type=\"container\">\n\t\t\t\t\t<div class=\"e-con-inner\">\n\t\t<div class=\"elementor-element elementor-element-827f3fa e-con-full e-flex e-con e-child\" data-id=\"827f3fa\" data-element_type=\"container\" data-e-type=\"container\" data-settings=\"{&quot;background_background&quot;:&quot;classic&quot;}\">\n\t\t<div class=\"elementor-element elementor-element-f766f79 e-con-full e-flex e-con e-child\" data-id=\"f766f79\" data-element_type=\"container\" data-e-type=\"container\">\n\t\t<div class=\"elementor-element elementor-element-1a0b5ed e-con-full e-flex e-con e-child\" data-id=\"1a0b5ed\" data-element_type=\"container\" data-e-type=\"container\">\n\t\t\t\t<div class=\"elementor-element elementor-element-6cf1827 elementor-widget__width-initial elementor-widget elementor-widget-heading\" data-id=\"6cf1827\" data-element_type=\"widget\" data-e-type=\"widget\" data-widget_type=\"heading.default\">\n\t\t\t\t\t<h2 class=\"elementor-heading-title elementor-size-default\">D\u00e9signations<\/h2>\t\t\t\t<\/div>\n\t\t\t\t<div class=\"elementor-element elementor-element-2ffdadc elementor-widget__width-initial elementor-widget elementor-widget-heading\" data-id=\"2ffdadc\" data-element_type=\"widget\" data-e-type=\"widget\" data-widget_type=\"heading.default\">\n\t\t\t\t\t<h2 class=\"elementor-heading-title elementor-size-default\">Descriptions<\/h2>\t\t\t\t<\/div>\n\t\t\t\t<div class=\"elementor-element elementor-element-4d0a952 elementor-widget__width-initial elementor-widget elementor-widget-heading\" data-id=\"4d0a952\" data-element_type=\"widget\" data-e-type=\"widget\" data-widget_type=\"heading.default\">\n\t\t\t\t\t<h2 class=\"elementor-heading-title elementor-size-default\">Prix TTC<\/h2>\t\t\t\t<\/div>\n\t\t\t\t<div class=\"elementor-element elementor-element-4b3ca2e elementor-widget__width-initial elementor-widget elementor-widget-heading\" data-id=\"4b3ca2e\" data-element_type=\"widget\" data-e-type=\"widget\" data-widget_type=\"heading.default\">\n\t\t\t\t\t<h2 class=\"elementor-heading-title elementor-size-default\">Photos<\/h2>\t\t\t\t<\/div>\n\t\t\t\t<\/div>\n\t\t<div class=\"elementor-element elementor-element-ef32706 e-con-full e-flex e-con e-child\" data-id=\"ef32706\" data-element_type=\"container\" data-e-type=\"container\">\n\t\t<div class=\"elementor-element elementor-element-ae4e0a2 e-con-full e-flex e-con e-child\" data-id=\"ae4e0a2\" data-element_type=\"container\" data-e-type=\"container\">\n\t\t\t\t<div class=\"elementor-element elementor-element-d400fa5 elementor-widget__width-initial elementor-widget elementor-widget-text-editor\" data-id=\"d400fa5\" data-element_type=\"widget\" data-e-type=\"widget\" data-widget_type=\"text-editor.default\">\n\t\t\t\t\t\t\t\t\t<p>Lingette nettoyante pour lunettes<\/p>\t\t\t\t\t\t\t\t<\/div>\n\t\t\t\t<\/div>\n\t\t<div class=\"elementor-element elementor-element-398a17e e-con-full e-flex e-con e-child\" data-id=\"398a17e\" data-element_type=\"container\" data-e-type=\"container\">\n\t\t\t\t<div class=\"elementor-element elementor-element-a72fbe7 elementor-widget__width-initial elementor-widget elementor-widget-text-editor\" data-id=\"a72fbe7\" data-element_type=\"widget\" data-e-type=\"widget\" data-widget_type=\"text-editor.default\">\n\t\t\t\t\t\t\t\t\t<p>microfibre &#8211; 14 x 14 cm<\/p>\t\t\t\t\t\t\t\t<\/div>\n\t\t\t\t<div class=\"elementor-element elementor-element-14679aa elementor-widget__width-initial elementor-widget elementor-widget-text-editor\" data-id=\"14679aa\" data-element_type=\"widget\" data-e-type=\"widget\" data-widget_type=\"text-editor.default\">\n\t\t\t\t\t\t\t\t\t<p>Mod\u00e8le au choix du client<\/p>\t\t\t\t\t\t\t\t<\/div>\n\t\t\t\t<\/div>\n\t\t\t\t<div class=\"elementor-element elementor-element-15d2c56 elementor-widget__width-initial elementor-widget elementor-widget-image\" data-id=\"15d2c56\" data-element_type=\"widget\" data-e-type=\"widget\" data-widget_type=\"image.default\">\n\t\t\t\t\t\t\t\t\t\t\t\t\t\t\t<img fetchpriority=\"high\" decoding=\"async\" width=\"1024\" height=\"980\" src=\"https:\/\/sudlasercreations.synology.me\/wordpress\/wp-content\/uploads\/2026\/02\/20260219_184646-1024x980.png\" class=\"attachment-large size-large wp-image-1125\" alt=\"\" srcset=\"https:\/\/sudlasercreations.synology.me\/wordpress\/wp-content\/uploads\/2026\/02\/20260219_184646-1024x980.png 1024w, https:\/\/sudlasercreations.synology.me\/wordpress\/wp-content\/uploads\/2026\/02\/20260219_184646-300x287.png 300w, https:\/\/sudlasercreations.synology.me\/wordpress\/wp-content\/uploads\/2026\/02\/20260219_184646-768x735.png 768w, https:\/\/sudlasercreations.synology.me\/wordpress\/wp-content\/uploads\/2026\/02\/20260219_184646-1536x1470.png 1536w, https:\/\/sudlasercreations.synology.me\/wordpress\/wp-content\/uploads\/2026\/02\/20260219_184646-2048x1960.png 2048w\" sizes=\"(max-width: 1024px) 100vw, 1024px\" \/>\t\t\t\t\t\t\t\t\t\t\t\t\t\t\t<\/div>\n\t\t<div class=\"elementor-element elementor-element-41264f8 e-con-full e-flex e-con e-child\" data-id=\"41264f8\" data-element_type=\"container\" data-e-type=\"container\">\n\t\t\t\t<div class=\"elementor-element elementor-element-4db713c elementor-widget__width-initial elementor-widget elementor-widget-text-editor\" data-id=\"4db713c\" data-element_type=\"widget\" data-e-type=\"widget\" data-widget_type=\"text-editor.default\">\n\t\t\t\t\t\t\t\t\t<p>5.00 \u20ac<\/p>\t\t\t\t\t\t\t\t<\/div>\n\t\t\t\t<div class=\"elementor-element elementor-element-b0bc0ef elementor-align-justify elementor-tablet-align-justify elementor-widget elementor-widget-button\" data-id=\"b0bc0ef\" data-element_type=\"widget\" data-e-type=\"widget\" data-widget_type=\"button.default\">\n\t\t\t\t\t\t\t\t\t\t<a class=\"elementor-button elementor-button-link elementor-size-sm\" href=\"https:\/\/sudlasercreations.synology.me\/wordpress\/Commande\">\n\t\t\t\t\t\t<span class=\"elementor-button-content-wrapper\">\n\t\t\t\t\t\t\t\t\t<span class=\"elementor-button-text\">Commander<\/span>\n\t\t\t\t\t<\/span>\n\t\t\t\t\t<\/a>\n\t\t\t\t\t\t\t\t<\/div>\n\t\t\t\t<\/div>\n\t\t\t\t<\/div>\n\t\t<div class=\"elementor-element elementor-element-8110274 e-con-full e-flex e-con e-child\" data-id=\"8110274\" data-element_type=\"container\" data-e-type=\"container\">\n\t\t<div class=\"elementor-element elementor-element-9f3cba6 e-con-full e-flex e-con e-child\" data-id=\"9f3cba6\" data-element_type=\"container\" data-e-type=\"container\">\n\t\t\t\t<div class=\"elementor-element elementor-element-4ba5502 elementor-widget__width-initial elementor-widget elementor-widget-text-editor\" data-id=\"4ba5502\" data-element_type=\"widget\" data-e-type=\"widget\" data-widget_type=\"text-editor.default\">\n\t\t\t\t\t\t\t\t\t<p>Plaque aluminium<\/p>\t\t\t\t\t\t\t\t<\/div>\n\t\t\t\t<\/div>\n\t\t<div class=\"elementor-element elementor-element-df9bc46 e-con-full e-flex e-con e-child\" data-id=\"df9bc46\" data-element_type=\"container\" data-e-type=\"container\">\n\t\t\t\t<div class=\"elementor-element elementor-element-8926901 elementor-widget__width-initial elementor-widget elementor-widget-text-editor\" data-id=\"8926901\" data-element_type=\"widget\" data-e-type=\"widget\" data-widget_type=\"text-editor.default\">\n\t\t\t\t\t\t\t\t\t<p>Aluminium &#8211; 30 x 20cm &#8211; \u00e9paisseur 2mm<\/p>\t\t\t\t\t\t\t\t<\/div>\n\t\t\t\t<div class=\"elementor-element elementor-element-c08f402 elementor-widget__width-initial elementor-widget elementor-widget-text-editor\" data-id=\"c08f402\" data-element_type=\"widget\" data-e-type=\"widget\" data-widget_type=\"text-editor.default\">\n\t\t\t\t\t\t\t\t\t<p>Mod\u00e8le au choix du client<\/p>\t\t\t\t\t\t\t\t<\/div>\n\t\t\t\t<\/div>\n\t\t\t\t<div class=\"elementor-element elementor-element-52e989c elementor-widget__width-initial elementor-widget elementor-widget-image\" data-id=\"52e989c\" data-element_type=\"widget\" data-e-type=\"widget\" data-widget_type=\"image.default\">\n\t\t\t\t\t\t\t\t\t\t\t\t\t\t\t<img decoding=\"async\" width=\"754\" height=\"1024\" src=\"https:\/\/sudlasercreations.synology.me\/wordpress\/wp-content\/uploads\/2026\/02\/20260219_184741-754x1024.png\" class=\"attachment-large size-large wp-image-1126\" alt=\"\" srcset=\"https:\/\/sudlasercreations.synology.me\/wordpress\/wp-content\/uploads\/2026\/02\/20260219_184741-754x1024.png 754w, https:\/\/sudlasercreations.synology.me\/wordpress\/wp-content\/uploads\/2026\/02\/20260219_184741-221x300.png 221w, https:\/\/sudlasercreations.synology.me\/wordpress\/wp-content\/uploads\/2026\/02\/20260219_184741-768x1043.png 768w, https:\/\/sudlasercreations.synology.me\/wordpress\/wp-content\/uploads\/2026\/02\/20260219_184741-1131x1536.png 1131w, https:\/\/sudlasercreations.synology.me\/wordpress\/wp-content\/uploads\/2026\/02\/20260219_184741-1508x2048.png 1508w, https:\/\/sudlasercreations.synology.me\/wordpress\/wp-content\/uploads\/2026\/02\/20260219_184741-scaled.png 1885w\" sizes=\"(max-width: 754px) 100vw, 754px\" \/>\t\t\t\t\t\t\t\t\t\t\t\t\t\t\t<\/div>\n\t\t<div class=\"elementor-element elementor-element-8fa7abf e-con-full e-flex e-con e-child\" data-id=\"8fa7abf\" data-element_type=\"container\" data-e-type=\"container\">\n\t\t\t\t<div class=\"elementor-element elementor-element-612f93b elementor-widget__width-initial elementor-widget elementor-widget-text-editor\" data-id=\"612f93b\" data-element_type=\"widget\" data-e-type=\"widget\" data-widget_type=\"text-editor.default\">\n\t\t\t\t\t\t\t\t\t<p>40.00 \u20ac<\/p>\t\t\t\t\t\t\t\t<\/div>\n\t\t\t\t<div class=\"elementor-element elementor-element-06f4001 elementor-align-justify elementor-tablet-align-justify elementor-widget elementor-widget-button\" data-id=\"06f4001\" data-element_type=\"widget\" data-e-type=\"widget\" data-widget_type=\"button.default\">\n\t\t\t\t\t\t\t\t\t\t<a class=\"elementor-button elementor-button-link elementor-size-sm\" href=\"https:\/\/sudlasercreations.synology.me\/wordpress\/Commande\">\n\t\t\t\t\t\t<span class=\"elementor-button-content-wrapper\">\n\t\t\t\t\t\t\t\t\t<span class=\"elementor-button-text\">Commander<\/span>\n\t\t\t\t\t<\/span>\n\t\t\t\t\t<\/a>\n\t\t\t\t\t\t\t\t<\/div>\n\t\t\t\t<\/div>\n\t\t\t\t<\/div>\n\t\t\t\t<\/div>\n\t\t\t\t<\/div>\n\t\t\t\t\t<\/div>\n\t\t\t\t<\/div>\n\t\t\t\t<\/div>\n\t\t","protected":false},"excerpt":{"rendered":"<p>La boutique sublimation Des objets uniques, imagin\u00e9s, fabriqu\u00e9s et d\u00e9cor\u00e9s dans les Alpes-de-Haute-Provence Bienvenue dans notre espace boutique. Vous trouverez [&hellip;]<\/p>\n","protected":false},"author":1,"featured_media":0,"parent":0,"menu_order":0,"comment_status":"closed","ping_status":"closed","template":"","meta":{"site-sidebar-layout":"no-sidebar","site-content-layout":"","ast-site-content-layout":"full-width-container","site-content-style":"default","site-sidebar-style":"default","ast-global-header-display":"","ast-banner-title-visibility":"","ast-main-header-display":"","ast-hfb-above-header-display":"","ast-hfb-below-header-display":"","ast-hfb-mobile-header-display":"","site-post-title":"disabled","ast-breadcrumbs-content":"","ast-featured-img":"disabled","footer-sml-layout":"","ast-disable-related-posts":"","theme-transparent-header-meta":"","adv-header-id-meta":"","stick-header-meta":"","header-above-stick-meta":"","header-main-stick-meta":"","header-below-stick-meta":"","astra-migrate-meta-layouts":"default","ast-page-background-enabled":"default","ast-page-background-meta":{"desktop":{"background-color":"var(--ast-global-color-5)","background-image":"","background-repeat":"repeat","background-position":"center center","background-size":"auto","background-attachment":"scroll","background-type":"","background-media":"","overlay-type":"","overlay-color":"","overlay-opacity":"","overlay-gradient":""},"tablet":{"background-color":"","background-image":"","background-repeat":"repeat","background-position":"center center","background-size":"auto","background-attachment":"scroll","background-type":"","background-media":"","overlay-type":"","overlay-color":"","overlay-opacity":"","overlay-gradient":""},"mobile":{"background-color":"","background-image":"","background-repeat":"repeat","background-position":"center center","background-size":"auto","background-attachment":"scroll","background-type":"","background-media":"","overlay-type":"","overlay-color":"","overlay-opacity":"","overlay-gradient":""}},"ast-content-background-meta":{"desktop":{"background-color":"var(--ast-global-color-4)","background-image":"","background-repeat":"repeat","background-position":"center center","background-size":"auto","background-attachment":"scroll","background-type":"","background-media":"","overlay-type":"","overlay-color":"","overlay-opacity":"","overlay-gradient":""},"tablet":{"background-color":"var(--ast-global-color-4)","background-image":"","background-repeat":"repeat","background-position":"center center","background-size":"auto","background-attachment":"scroll","background-type":"","background-media":"","overlay-type":"","overlay-color":"","overlay-opacity":"","overlay-gradient":""},"mobile":{"background-color":"var(--ast-global-color-4)","background-image":"","background-repeat":"repeat","background-position":"center center","background-size":"auto","background-attachment":"scroll","background-type":"","background-media":"","overlay-type":"","overlay-color":"","overlay-opacity":"","overlay-gradient":""}},"footnotes":""},"class_list":["post-1107","page","type-page","status-publish","hentry"],"yoast_head":"<!-- This site is optimized with the Yoast SEO plugin v27.3 - https:\/\/yoast.com\/product\/yoast-seo-wordpress\/ -->\n<title>Sud Laser Creations - Les sublimations<\/title>\n<meta name=\"description\" content=\"Retrouvez une s\u00e9lection de produits finis que nous pouvons personnalis\u00e9s ainsi que tous nos produits en cr\u00e9ation.\" \/>\n<meta name=\"robots\" content=\"index, follow, max-snippet:-1, max-image-preview:large, max-video-preview:-1\" \/>\n<link rel=\"canonical\" href=\"https:\/\/sudlasercreations.synology.me\/wordpress\/les-sublimations\/\" \/>\n<meta property=\"og:locale\" content=\"fr_FR\" \/>\n<meta property=\"og:type\" content=\"article\" \/>\n<meta property=\"og:title\" content=\"Sud Laser Creations - Les sublimations\" \/>\n<meta property=\"og:description\" content=\"Retrouvez une s\u00e9lection de produits finis que nous pouvons personnalis\u00e9s ainsi que tous nos produits en cr\u00e9ation.\" \/>\n<meta property=\"og:url\" content=\"https:\/\/sudlasercreations.synology.me\/wordpress\/les-sublimations\/\" \/>\n<meta property=\"og:site_name\" content=\"Sud Laser Creations\" \/>\n<meta property=\"article:publisher\" content=\"https:\/\/www.facebook.com\/profile.php?id=61557359343508#\" \/>\n<meta property=\"article:modified_time\" content=\"2026-02-21T18:58:28+00:00\" \/>\n<meta property=\"og:image\" content=\"https:\/\/sudlasercreations.synology.me\/wordpress\/wp-content\/uploads\/2026\/02\/20260219_184646-1024x980.png\" \/>\n\t<meta property=\"og:image:width\" content=\"1024\" \/>\n\t<meta property=\"og:image:height\" content=\"980\" \/>\n\t<meta property=\"og:image:type\" content=\"image\/png\" \/>\n<meta name=\"twitter:card\" content=\"summary_large_image\" \/>\n<meta name=\"twitter:label1\" content=\"Dur\u00e9e de lecture estim\u00e9e\" \/>\n\t<meta name=\"twitter:data1\" content=\"1 minute\" \/>\n<script type=\"application\/ld+json\" class=\"yoast-schema-graph\">{\"@context\":\"https:\\\/\\\/schema.org\",\"@graph\":[{\"@type\":\"WebPage\",\"@id\":\"https:\\\/\\\/sudlasercreations.synology.me\\\/wordpress\\\/les-sublimations\\\/\",\"url\":\"https:\\\/\\\/sudlasercreations.synology.me\\\/wordpress\\\/les-sublimations\\\/\",\"name\":\"Sud Laser Creations - Les sublimations\",\"isPartOf\":{\"@id\":\"https:\\\/\\\/sudlasercreations.synology.me\\\/wordpress\\\/#website\"},\"primaryImageOfPage\":{\"@id\":\"https:\\\/\\\/sudlasercreations.synology.me\\\/wordpress\\\/les-sublimations\\\/#primaryimage\"},\"image\":{\"@id\":\"https:\\\/\\\/sudlasercreations.synology.me\\\/wordpress\\\/les-sublimations\\\/#primaryimage\"},\"thumbnailUrl\":\"https:\\\/\\\/sudlasercreations.synology.me\\\/wordpress\\\/wp-content\\\/uploads\\\/2026\\\/02\\\/20260219_184646-1024x980.png\",\"datePublished\":\"2026-02-14T12:32:47+00:00\",\"dateModified\":\"2026-02-21T18:58:28+00:00\",\"description\":\"Retrouvez une s\u00e9lection de produits finis que nous pouvons personnalis\u00e9s ainsi que tous nos produits en cr\u00e9ation.\",\"breadcrumb\":{\"@id\":\"https:\\\/\\\/sudlasercreations.synology.me\\\/wordpress\\\/les-sublimations\\\/#breadcrumb\"},\"inLanguage\":\"fr-FR\",\"potentialAction\":[{\"@type\":\"ReadAction\",\"target\":[\"https:\\\/\\\/sudlasercreations.synology.me\\\/wordpress\\\/les-sublimations\\\/\"]}]},{\"@type\":\"ImageObject\",\"inLanguage\":\"fr-FR\",\"@id\":\"https:\\\/\\\/sudlasercreations.synology.me\\\/wordpress\\\/les-sublimations\\\/#primaryimage\",\"url\":\"https:\\\/\\\/sudlasercreations.synology.me\\\/wordpress\\\/wp-content\\\/uploads\\\/2026\\\/02\\\/20260219_184646.png\",\"contentUrl\":\"https:\\\/\\\/sudlasercreations.synology.me\\\/wordpress\\\/wp-content\\\/uploads\\\/2026\\\/02\\\/20260219_184646.png\",\"width\":2296,\"height\":2197},{\"@type\":\"BreadcrumbList\",\"@id\":\"https:\\\/\\\/sudlasercreations.synology.me\\\/wordpress\\\/les-sublimations\\\/#breadcrumb\",\"itemListElement\":[{\"@type\":\"ListItem\",\"position\":1,\"name\":\"Accueil\",\"item\":\"https:\\\/\\\/sudlasercreations.synology.me\\\/wordpress\\\/\"},{\"@type\":\"ListItem\",\"position\":2,\"name\":\"Les sublimations\"}]},{\"@type\":\"WebSite\",\"@id\":\"https:\\\/\\\/sudlasercreations.synology.me\\\/wordpress\\\/#website\",\"url\":\"https:\\\/\\\/sudlasercreations.synology.me\\\/wordpress\\\/\",\"name\":\"Sud Laser Creations\",\"description\":\"La personnalisation \u00e0 votre port\u00e9e !\",\"publisher\":{\"@id\":\"https:\\\/\\\/sudlasercreations.synology.me\\\/wordpress\\\/#organization\"},\"alternateName\":\"Sud Laser Creations\",\"potentialAction\":[{\"@type\":\"SearchAction\",\"target\":{\"@type\":\"EntryPoint\",\"urlTemplate\":\"https:\\\/\\\/sudlasercreations.synology.me\\\/wordpress\\\/?s={search_term_string}\"},\"query-input\":{\"@type\":\"PropertyValueSpecification\",\"valueRequired\":true,\"valueName\":\"search_term_string\"}}],\"inLanguage\":\"fr-FR\"},{\"@type\":\"Organization\",\"@id\":\"https:\\\/\\\/sudlasercreations.synology.me\\\/wordpress\\\/#organization\",\"name\":\"Sud Laser Creations\",\"alternateName\":\"Sud Laser Cr\u00e9ations\",\"url\":\"https:\\\/\\\/sudlasercreations.synology.me\\\/wordpress\\\/\",\"logo\":{\"@type\":\"ImageObject\",\"inLanguage\":\"fr-FR\",\"@id\":\"https:\\\/\\\/sudlasercreations.synology.me\\\/wordpress\\\/#\\\/schema\\\/logo\\\/image\\\/\",\"url\":\"https:\\\/\\\/sudlasercreations.synology.me\\\/wordpress\\\/wp-content\\\/uploads\\\/2026\\\/01\\\/Logo-300x300-1.png\",\"contentUrl\":\"https:\\\/\\\/sudlasercreations.synology.me\\\/wordpress\\\/wp-content\\\/uploads\\\/2026\\\/01\\\/Logo-300x300-1.png\",\"width\":300,\"height\":300,\"caption\":\"Sud Laser Creations\"},\"image\":{\"@id\":\"https:\\\/\\\/sudlasercreations.synology.me\\\/wordpress\\\/#\\\/schema\\\/logo\\\/image\\\/\"},\"sameAs\":[\"https:\\\/\\\/www.facebook.com\\\/profile.php?id=61557359343508#\",\"https:\\\/\\\/www.instagram.com\\\/sud_laser_creations\\\/\"]}]}<\/script>\n<!-- \/ Yoast SEO plugin. -->","yoast_head_json":{"title":"Sud Laser Creations - Les sublimations","description":"Retrouvez une s\u00e9lection de produits finis que nous pouvons personnalis\u00e9s ainsi que tous nos produits en cr\u00e9ation.","robots":{"index":"index","follow":"follow","max-snippet":"max-snippet:-1","max-image-preview":"max-image-preview:large","max-video-preview":"max-video-preview:-1"},"canonical":"https:\/\/sudlasercreations.synology.me\/wordpress\/les-sublimations\/","og_locale":"fr_FR","og_type":"article","og_title":"Sud Laser Creations - Les sublimations","og_description":"Retrouvez une s\u00e9lection de produits finis que nous pouvons personnalis\u00e9s ainsi que tous nos produits en cr\u00e9ation.","og_url":"https:\/\/sudlasercreations.synology.me\/wordpress\/les-sublimations\/","og_site_name":"Sud Laser Creations","article_publisher":"https:\/\/www.facebook.com\/profile.php?id=61557359343508#","article_modified_time":"2026-02-21T18:58:28+00:00","og_image":[{"width":1024,"height":980,"url":"https:\/\/sudlasercreations.synology.me\/wordpress\/wp-content\/uploads\/2026\/02\/20260219_184646-1024x980.png","type":"image\/png"}],"twitter_card":"summary_large_image","twitter_misc":{"Dur\u00e9e de lecture estim\u00e9e":"1 minute"},"schema":{"@context":"https:\/\/schema.org","@graph":[{"@type":"WebPage","@id":"https:\/\/sudlasercreations.synology.me\/wordpress\/les-sublimations\/","url":"https:\/\/sudlasercreations.synology.me\/wordpress\/les-sublimations\/","name":"Sud Laser Creations - Les sublimations","isPartOf":{"@id":"https:\/\/sudlasercreations.synology.me\/wordpress\/#website"},"primaryImageOfPage":{"@id":"https:\/\/sudlasercreations.synology.me\/wordpress\/les-sublimations\/#primaryimage"},"image":{"@id":"https:\/\/sudlasercreations.synology.me\/wordpress\/les-sublimations\/#primaryimage"},"thumbnailUrl":"https:\/\/sudlasercreations.synology.me\/wordpress\/wp-content\/uploads\/2026\/02\/20260219_184646-1024x980.png","datePublished":"2026-02-14T12:32:47+00:00","dateModified":"2026-02-21T18:58:28+00:00","description":"Retrouvez une s\u00e9lection de produits finis que nous pouvons personnalis\u00e9s ainsi que tous nos produits en cr\u00e9ation.","breadcrumb":{"@id":"https:\/\/sudlasercreations.synology.me\/wordpress\/les-sublimations\/#breadcrumb"},"inLanguage":"fr-FR","potentialAction":[{"@type":"ReadAction","target":["https:\/\/sudlasercreations.synology.me\/wordpress\/les-sublimations\/"]}]},{"@type":"ImageObject","inLanguage":"fr-FR","@id":"https:\/\/sudlasercreations.synology.me\/wordpress\/les-sublimations\/#primaryimage","url":"https:\/\/sudlasercreations.synology.me\/wordpress\/wp-content\/uploads\/2026\/02\/20260219_184646.png","contentUrl":"https:\/\/sudlasercreations.synology.me\/wordpress\/wp-content\/uploads\/2026\/02\/20260219_184646.png","width":2296,"height":2197},{"@type":"BreadcrumbList","@id":"https:\/\/sudlasercreations.synology.me\/wordpress\/les-sublimations\/#breadcrumb","itemListElement":[{"@type":"ListItem","position":1,"name":"Accueil","item":"https:\/\/sudlasercreations.synology.me\/wordpress\/"},{"@type":"ListItem","position":2,"name":"Les sublimations"}]},{"@type":"WebSite","@id":"https:\/\/sudlasercreations.synology.me\/wordpress\/#website","url":"https:\/\/sudlasercreations.synology.me\/wordpress\/","name":"Sud Laser Creations","description":"La personnalisation \u00e0 votre port\u00e9e !","publisher":{"@id":"https:\/\/sudlasercreations.synology.me\/wordpress\/#organization"},"alternateName":"Sud Laser Creations","potentialAction":[{"@type":"SearchAction","target":{"@type":"EntryPoint","urlTemplate":"https:\/\/sudlasercreations.synology.me\/wordpress\/?s={search_term_string}"},"query-input":{"@type":"PropertyValueSpecification","valueRequired":true,"valueName":"search_term_string"}}],"inLanguage":"fr-FR"},{"@type":"Organization","@id":"https:\/\/sudlasercreations.synology.me\/wordpress\/#organization","name":"Sud Laser Creations","alternateName":"Sud Laser Cr\u00e9ations","url":"https:\/\/sudlasercreations.synology.me\/wordpress\/","logo":{"@type":"ImageObject","inLanguage":"fr-FR","@id":"https:\/\/sudlasercreations.synology.me\/wordpress\/#\/schema\/logo\/image\/","url":"https:\/\/sudlasercreations.synology.me\/wordpress\/wp-content\/uploads\/2026\/01\/Logo-300x300-1.png","contentUrl":"https:\/\/sudlasercreations.synology.me\/wordpress\/wp-content\/uploads\/2026\/01\/Logo-300x300-1.png","width":300,"height":300,"caption":"Sud Laser Creations"},"image":{"@id":"https:\/\/sudlasercreations.synology.me\/wordpress\/#\/schema\/logo\/image\/"},"sameAs":["https:\/\/www.facebook.com\/profile.php?id=61557359343508#","https:\/\/www.instagram.com\/sud_laser_creations\/"]}]}},"_links":{"self":[{"href":"https:\/\/sudlasercreations.synology.me\/wordpress\/wp-json\/wp\/v2\/pages\/1107","targetHints":{"allow":["GET"]}}],"collection":[{"href":"https:\/\/sudlasercreations.synology.me\/wordpress\/wp-json\/wp\/v2\/pages"}],"about":[{"href":"https:\/\/sudlasercreations.synology.me\/wordpress\/wp-json\/wp\/v2\/types\/page"}],"author":[{"embeddable":true,"href":"https:\/\/sudlasercreations.synology.me\/wordpress\/wp-json\/wp\/v2\/users\/1"}],"replies":[{"embeddable":true,"href":"https:\/\/sudlasercreations.synology.me\/wordpress\/wp-json\/wp\/v2\/comments?post=1107"}],"version-history":[{"count":10,"href":"https:\/\/sudlasercreations.synology.me\/wordpress\/wp-json\/wp\/v2\/pages\/1107\/revisions"}],"predecessor-version":[{"id":1173,"href":"https:\/\/sudlasercreations.synology.me\/wordpress\/wp-json\/wp\/v2\/pages\/1107\/revisions\/1173"}],"wp:attachment":[{"href":"https:\/\/sudlasercreations.synology.me\/wordpress\/wp-json\/wp\/v2\/media?parent=1107"}],"curies":[{"name":"wp","href":"https:\/\/api.w.org\/{rel}","templated":true}]}}